{"id":14481,"date":"2020-08-21T16:01:28","date_gmt":"2020-08-21T16:01:28","guid":{"rendered":"https:\/\/victrin.com\/product\/vorst\/"},"modified":"2020-08-21T16:01:28","modified_gmt":"2020-08-21T14:01:28","slug":"vorst","status":"publish","type":"product","link":"https:\/\/victrin.com\/de\/produkt\/vorst\/","title":{"rendered":"Vorst"},"content":{"rendered":"<style>\/*! elementor - v3.18.0 - 08-12-2023 *\/<br \/>.elementor-heading-title{padding:0;margin:0;line-height:1}.elementor-widget-heading .elementor-heading-title[class*=elementor-size-]&gt;a{color:inherit;font-size:inherit;line-height:inherit}.elementor-widget-heading .elementor-heading-title.elementor-size-small{font-size:15px}.elementor-widget-heading .elementor-heading-title.elementor-size-medium{font-size:19px}.elementor-widget-heading .elementor-heading-title.elementor-size-large{font-size:29px}.elementor-widget-heading .elementor-heading-title.elementor-size-xl{font-size:39px}.elementor-widget-heading .elementor-heading-title.elementor-size-xxl{font-size:59px}<\/style>\n<p>Produktinformation<br \/>\nEntdecken Sie unser VICTRIN &#8218;Vorst&#8216; Hemd. Erh\u00f6hen Sie Ihre Garderobe mit der Hemdenkollektion von VICTRIN, bei der Komfort und Raffinesse in jeder Naht aufeinandertreffen, und pr\u00e4sentieren Sie zeitlose Modelle f\u00fcr jeden Anlass.<br \/>\nPflege: <\/p>\n<ul>\n<li>Maschinenw\u00e4sche bei bis zu 30\u00baC \u00c4hnliche Farben zusammen waschen, nicht auf links waschen.<\/li>\n<li>Nicht \u00fcber den Druck b\u00fcgeln, sondern von innen nach au\u00dfen b\u00fcgeln.<\/li>\n<li>Nicht bleichen<\/li>\n<li>Nicht chemisch reinigen<\/li>\n<\/ul>\n<p>Zusammensetzung:<\/p>\n<ul>\n<li>Material:<\/li>\n<li>Gewaschen<\/li>\n<li>Gewicht:<\/li>\n<\/ul>\n<ul>\n<li>100% Baumwolle &#8211; Bio kardiert<\/li>\n<li>Paneel gewaschen<\/li>\n<li>215 GSM<\/li>\n<\/ul>\n","protected":false},"excerpt":{"rendered":"<p>ART NR VSerie-1<br \/>\nDas Model tr\u00e4gt das schwarze Modell | Gr\u00f6\u00dfe: klein<\/p>\n","protected":false},"featured_media":10757,"template":"","meta":[],"product_brand":[],"product_cat":[253,246],"product_tag":[257,255,254,256],"class_list":{"0":"post-14481","1":"product","2":"type-product","3":"status-publish","4":"has-post-thumbnail","6":"product_cat-frauen-kollektionen","7":"product_cat-manner-kollektion","8":"product_tag-bestseller-fur-frauen","9":"product_tag-mann-t-shirt","10":"product_tag-meistverkaufte-produkte","11":"product_tag-t-shirt-de","13":"first","14":"instock","15":"featured","16":"taxable","17":"shipping-taxable","18":"purchasable","19":"product-type-variable"},"_links":{"self":[{"href":"https:\/\/victrin.com\/de\/wp-json\/wp\/v2\/product\/14481","targetHints":{"allow":["GET"]}}],"collection":[{"href":"https:\/\/victrin.com\/de\/wp-json\/wp\/v2\/product"}],"about":[{"href":"https:\/\/victrin.com\/de\/wp-json\/wp\/v2\/types\/product"}],"version-history":[{"count":0,"href":"https:\/\/victrin.com\/de\/wp-json\/wp\/v2\/product\/14481\/revisions"}],"wp:featuredmedia":[{"embeddable":true,"href":"https:\/\/victrin.com\/de\/wp-json\/wp\/v2\/media\/10757"}],"wp:attachment":[{"href":"https:\/\/victrin.com\/de\/wp-json\/wp\/v2\/media?parent=14481"}],"wp:term":[{"taxonomy":"product_brand","embeddable":true,"href":"https:\/\/victrin.com\/de\/wp-json\/wp\/v2\/product_brand?post=14481"},{"taxonomy":"product_cat","embeddable":true,"href":"https:\/\/victrin.com\/de\/wp-json\/wp\/v2\/product_cat?post=14481"},{"taxonomy":"product_tag","embeddable":true,"href":"https:\/\/victrin.com\/de\/wp-json\/wp\/v2\/product_tag?post=14481"}],"curies":[{"name":"wp","href":"https:\/\/api.w.org\/{rel}","templated":true}]}}

<style>/*! elementor - v3.18.0 - 08-12-2023 */<br />.elementor-heading-title{padding:0;margin:0;line-height:1}.elementor-widget-heading .elementor-heading-title[class*=elementor-size-]&gt;a{color:inherit;font-size:inherit;line-height:inherit}.elementor-widget-heading .elementor-heading-title.elementor-size-small{font-size:15px}.elementor-widget-heading .elementor-heading-title.elementor-size-medium{font-size:19px}.elementor-widget-heading .elementor-heading-title.elementor-size-large{font-size:29px}.elementor-widget-heading .elementor-heading-title.elementor-size-xl{font-size:39px}.elementor-widget-heading .elementor-heading-title.elementor-size-xxl{font-size:59px}</style>
<p>Produktinformation<br />
Entdecken Sie unser VICTRIN &#8218;Vorst&#8216; Hemd. Erhöhen Sie Ihre Garderobe mit der Hemdenkollektion von VICTRIN, bei der Komfort und Raffinesse in jeder Naht aufeinandertreffen, und präsentieren Sie zeitlose Modelle für jeden Anlass.<br />
Pflege: </p>
<ul>
<li>Maschinenwäsche bei bis zu 30ºC Ähnliche Farben zusammen waschen, nicht auf links waschen.</li>
<li>Nicht über den Druck bügeln, sondern von innen nach außen bügeln.</li>
<li>Nicht bleichen</li>
<li>Nicht chemisch reinigen</li>
</ul>
<p>Zusammensetzung:</p>
<ul>
<li>Material:</li>
<li>Gewaschen</li>
<li>Gewicht:</li>
</ul>
<ul>
<li>100% Baumwolle &#8211; Bio kardiert</li>
<li>Paneel gewaschen</li>
<li>215 GSM</li>
</ul>

<p>ART NR VSerie-1<br />
Das Model trägt das schwarze Modell | Größe: klein</p>
