{"id":14537,"date":"2023-02-14T15:36:11","date_gmt":"2023-02-14T15:36:11","guid":{"rendered":"https:\/\/victrin.com\/product\/c1-serie\/"},"modified":"2023-02-14T15:36:11","modified_gmt":"2023-02-14T14:36:11","slug":"c1-serie","status":"publish","type":"product","link":"https:\/\/victrin.com\/de\/produkt\/c1-serie\/","title":{"rendered":"C1-Serie"},"content":{"rendered":"<style>\/*! elementor - v3.11.1 - 15-02-2023 *\/<br \/>.elementor-heading-title{padding:0;margin:0;line-height:1}.elementor-widget-heading .elementor-heading-title[class*=elementor-size-]&gt;a{color:inherit;font-size:inherit;line-height:inherit}.elementor-widget-heading .elementor-heading-title.elementor-size-small{font-size:15px}.elementor-widget-heading .elementor-heading-title.elementor-size-medium{font-size:19px}.elementor-widget-heading .elementor-heading-title.elementor-size-large{font-size:29px}.elementor-widget-heading .elementor-heading-title.elementor-size-xl{font-size:39px}.elementor-widget-heading .elementor-heading-title.elementor-size-xxl{font-size:59px}<\/style>\n<p>Produktinformationen<br \/>\nDie Victrin-C1 Kappe ist ideal, um sie mit einem Victrin-Hemd zu kombinieren und Ihren Stra\u00dfenlook zu vervollst\u00e4ndigen. Die hohe Qualit\u00e4t und das klassische Design verleihen Ihrem Outfit das n\u00f6tige VICTRIN-Flair. Die verstellbare Lasche sorgt f\u00fcr Komfort und eine ideale Passform. Erg\u00e4nzen Sie jetzt Ihre Kopfbedeckungskollektion mit der Victrin-C1.<br \/>\nPflege:   <\/p>\n<ul>\n<li>Nicht waschen<\/li>\n<li>Nicht bleichen<\/li>\n<li>Nicht chemisch reinigen<\/li>\n<\/ul>\n<p>Zusammensetzung:<\/p>\n<ul>\n<li>Material: 80% Acryl \/ 20% Wolle<\/li>\n<li>5-Panel-M\u00fctze<\/li>\n<li>Snapback-Verschluss<\/li>\n<\/ul>\n","protected":false},"excerpt":{"rendered":"<p>Setzen Sie ein Statement mit der Cap-Kollektion von Victrin. Sie ist aus den besten Materialien gefertigt und mit unserem charakteristischen Emblem verziert, das Ihren l\u00e4ssigen und schicken Looks einen Hauch von Luxus verleiht.<\/p>\n<p>ART NR V-001<br \/>\nDas Model tr\u00e4gt das schwarze Modell | Gr\u00f6\u00dfe: Einheitsgr\u00f6\u00dfe<\/p>\n","protected":false},"featured_media":10639,"template":"","meta":[],"product_brand":[],"product_cat":[277,276],"product_tag":[282,283,279,280,281,278],"class_list":{"0":"post-14537","1":"product","2":"type-product","3":"status-publish","4":"has-post-thumbnail","6":"product_cat-caps-de","7":"product_cat-zubehor","8":"product_tag-frau-accessoires","9":"product_tag-frauen-hute-mutzen","10":"product_tag-mann-zubehor","11":"product_tag-manner-hute-mutzen","12":"product_tag-verkauf","13":"product_tag-zubehor","15":"first","16":"instock","17":"sale","18":"featured","19":"taxable","20":"shipping-taxable","21":"purchasable","22":"product-type-variable"},"_links":{"self":[{"href":"https:\/\/victrin.com\/de\/wp-json\/wp\/v2\/product\/14537","targetHints":{"allow":["GET"]}}],"collection":[{"href":"https:\/\/victrin.com\/de\/wp-json\/wp\/v2\/product"}],"about":[{"href":"https:\/\/victrin.com\/de\/wp-json\/wp\/v2\/types\/product"}],"version-history":[{"count":0,"href":"https:\/\/victrin.com\/de\/wp-json\/wp\/v2\/product\/14537\/revisions"}],"wp:featuredmedia":[{"embeddable":true,"href":"https:\/\/victrin.com\/de\/wp-json\/wp\/v2\/media\/10639"}],"wp:attachment":[{"href":"https:\/\/victrin.com\/de\/wp-json\/wp\/v2\/media?parent=14537"}],"wp:term":[{"taxonomy":"product_brand","embeddable":true,"href":"https:\/\/victrin.com\/de\/wp-json\/wp\/v2\/product_brand?post=14537"},{"taxonomy":"product_cat","embeddable":true,"href":"https:\/\/victrin.com\/de\/wp-json\/wp\/v2\/product_cat?post=14537"},{"taxonomy":"product_tag","embeddable":true,"href":"https:\/\/victrin.com\/de\/wp-json\/wp\/v2\/product_tag?post=14537"}],"curies":[{"name":"wp","href":"https:\/\/api.w.org\/{rel}","templated":true}]}}

<style>/*! elementor - v3.11.1 - 15-02-2023 */<br />.elementor-heading-title{padding:0;margin:0;line-height:1}.elementor-widget-heading .elementor-heading-title[class*=elementor-size-]&gt;a{color:inherit;font-size:inherit;line-height:inherit}.elementor-widget-heading .elementor-heading-title.elementor-size-small{font-size:15px}.elementor-widget-heading .elementor-heading-title.elementor-size-medium{font-size:19px}.elementor-widget-heading .elementor-heading-title.elementor-size-large{font-size:29px}.elementor-widget-heading .elementor-heading-title.elementor-size-xl{font-size:39px}.elementor-widget-heading .elementor-heading-title.elementor-size-xxl{font-size:59px}</style>
<p>Produktinformationen<br />
Die Victrin-C1 Kappe ist ideal, um sie mit einem Victrin-Hemd zu kombinieren und Ihren Straßenlook zu vervollständigen. Die hohe Qualität und das klassische Design verleihen Ihrem Outfit das nötige VICTRIN-Flair. Die verstellbare Lasche sorgt für Komfort und eine ideale Passform. Ergänzen Sie jetzt Ihre Kopfbedeckungskollektion mit der Victrin-C1.<br />
Pflege:   </p>
<ul>
<li>Nicht waschen</li>
<li>Nicht bleichen</li>
<li>Nicht chemisch reinigen</li>
</ul>
<p>Zusammensetzung:</p>
<ul>
<li>Material: 80% Acryl / 20% Wolle</li>
<li>5-Panel-Mütze</li>
<li>Snapback-Verschluss</li>
</ul>

<p>Setzen Sie ein Statement mit der Cap-Kollektion von Victrin. Sie ist aus den besten Materialien gefertigt und mit unserem charakteristischen Emblem verziert, das Ihren lässigen und schicken Looks einen Hauch von Luxus verleiht.</p>
<p>ART NR V-001<br />
Das Model trägt das schwarze Modell | Größe: Einheitsgröße</p>
